, 5*b = -4*c + 4*b + 91. Let g = -10 - -18. Let n = 24 - g. Calculate the highest common divisor of c and n.
8
Let m be 8 - (-12 + (-9 - -5)). What is the greatest common factor of 66 and m?
6
Suppose 5*a = -3*q + 5, -23 - 7 = -5*q - 4*a. Let n be (q/30)/(3/234). Calculate the greatest common factor of n and 13.
13
Let y = 244 + -148. Let s be 3384/y - (-1 + (-2)/(-8)). Suppose b = -3*c + 6*c - 55, 5*c + 2*b - 88 = 0. Calculate the greatest common divisor of s and c.
18
Let v(x) = -2*x**3 + 170*x**2 - 15*x + 1297. Let h be v(85). Suppose 0*y = 3*y - 18. What is the greatest common factor of h and y?
2
Let d = -24777 + 25081. What is the greatest common divisor of 703 and d?
19
Let j(n) be the second derivative of 2*n**3 + 21*n**2 - n. Let p be j(-18). Let m = -86 - p. Calculate the highest common factor of m and 8.
8
Let c be (42/(-84))/(3/(-2346)). Let g = -40 + 57. What is the highest common divisor of c and g?
17
Let x(i) = 873*i**2 - 215*i + 213. Let v be x(1). What is the highest common factor of 2948 and v?
67
Suppose 2*i + 16 = 4*i. Suppose 2*b + 3*m = -m - 16, b + 13 = -3*m. Suppose -13*u = -12*u - b. Calculate the greatest common divisor of i and u.
2
Let g(f) = 9*f**2 - f - 1. Let b be g(-1). Let j(p) = 147*p + 585. Let u be j(-3). What is the highest common factor of u and b?
9
Suppose -622*t + 608*t = -5474. Calculate the highest common divisor of 85 and t.
17
Let b = 550 - 387. Let c = 226 - b. Calculate the greatest common factor of 28 and c.
7
Let p = 8 + -20. Let j be 4 - p/2*4. Suppose u = 4 + 24. Calculate the highest common factor of u and j.
28
Suppose 2131*d = 2108*d + 3680. Let n be -3 - (-3 + 5 - 133). Calculate the greatest common divisor of n and d.
32
Suppose -11571 - 3811 = -5*v + 3*b, 0 = 3*v + b - 9232. Calculate the highest common divisor of 181 and v.
181
Let f = -5 - -8. Suppose -f*b + c = 27 - 98, 3*c + 52 = 2*b. Let r(a) = a**3 + 7*a**2 + 2*a - 1. Let j be r(-6). What is the highest common factor of b and j?
23
Let r = -626 - -670. What is the greatest common factor of 10516 and r?
44
Let g = -63007 - -63042. Suppose x - 57 = -t, -4*x + 116 = 2*t - 2. What is the highest common divisor of t and g?
5
Suppose 68*x = -5*b + 65*x + 216, -3*b - x + 132 = 0. Let f be (41/(-1))/(b/(-225)). Calculate the greatest common divisor of f and 41.
41
Suppose q - 85267 = -6*q - 6*q. Calculate the highest common divisor of 7 and q.
7
Let g(s) = 236*s**3 + 2*s**2 - s - 2. Let n be g(1). Let u = n - 43. What is the highest common divisor of u and 16?
16
Suppose -5*s + 9*s - 352 = 0. Let q = -84 + s. Let z(i) = i**3 + i**2 - i - 7. Let a be z(q). Calculate the highest common divisor of a and 46.
23
Let v(q) = 3*q**2 - 2*q + 12. Let p be v(-4). What is the highest common divisor of 8 and p?
4
Let m = -20 - -44. Let o(k) be the first derivative of k**3/3 + 17*k**2/2 + 33*k - 9. Let j be o(-15). What is the greatest common divisor of m and j?
3
Suppose -12*r = -18*r + 66. Suppose -r*b = -1519 - 362. Calculate the greatest common factor of 285 and b.
57
Suppose 200 = -7*h + 9*h. Suppose -2*p + p + 60 = 4*k, -5*p = -5*k + h. Calculate the greatest common factor of 20 and k.
4
Let r be -5 + 34/7 + (-226)/(-14). Let f(l) = 2*l**2 + 36*l + 39. Let d be f(r). What is the greatest common divisor of d and 49?
49
Let q = -6403 - -6655. What is the highest common divisor of q and 27?
9
Let t be ((-6)/4)/(240/(-11200)). What is the highest common factor of 1358 and t?
14
Suppose a = 4*m - 108, 1 - 5 = -a. Let l = 793 - 791. Suppose -5*s - l*h + 692 = 0, -4*h - h + 260 = 2*s. Calculate the highest common divisor of m and s.
28
Suppose -15188 = -3*p + 5*a, 2*p - 3*p = -2*a - 5061. Suppose 8*h - p = -663. What is the greatest common factor of 58 and h?
29
Suppose 81*k - 444*k = -11214885. Calculate the greatest common factor of k and 185.
185
Let w(j) = -j**3 - 114*j**2 - 120*j - 591. Let m be w(-113). Calculate the greatest common factor of 1160 and m.
40
Let r be (-6)/(-4)*(3 + -1). Suppose 8 = r*p + p. Let a be (-343)/(-1715) - (-338)/10. Calculate the greatest common divisor of p and a.
2
Let w(d) = -d**3 - 6*d**2 + 10*d + 34. Suppose -7*o + x - 33 = -2*o, 4*o - 3*x = -22. Let s be w(o). Calculate the highest common factor of 1027 and s.
13
Let r = 56 + -36. Suppose 1021 = -43*v + 2741. What is the highest common factor of v and r?
20
Suppose 27*o - 534602 = 65851. Calculate the highest common divisor of o and 63.
63
Suppose 3*g - 14*g - 10807 = -112*g. Calculate the highest common divisor of g and 30281.
107
Let o = -740 - -741. Let g be 10/(-40) - (1218/(-8) - o). Calculate the greatest common factor of 17 and g.
17
Suppose 0 = 36*m + 7*m - 1634. Suppose 0 = 4*t + 147 + 5. Let d be t/3*(-3 - 0). What is the greatest common factor of m and d?
38
Suppose -1328*c = -1317*c - 572. Let l be 0 - (3 - 2) - -261. Calculate the greatest common divisor of c and l.
52
Suppose 2*l + 2*b - 234 = 0, 2*l = -0*b + 2*b + 250. Let o = -115 + l. Calculate the greatest common factor of o and 21.
3
Suppose -40*u + 27*u = 1677. Let a be (-4)/(-18) - u/27. Calculate the greatest common factor of a and 1.
1
Suppose -y + 10*y + 549 = 0. Let c = -30 - y. Let t = 37 - c. Calculate the greatest common divisor of 3 and t.
3
Let u = -2944 + 3270. Calculate the greatest common divisor of u and 8.
2
Let x be (-10)/(-4)*(-8)/10*-1. Let r be x/(-14) - (-2187)/21. Calculate the greatest common divisor of 130 and r.
26
Let v(l) = -l**3 - 8*l - 5 - l**3 + 3*l**3 + 2*l**2 + 2*l. Let i be v(-3). Let q be (-1 + (-16)/6)/(i/(-12)). Calculate the highest common divisor of q and 55.
11
Let c(r) = -r**2 - 97*r + 142. Let j be c(-48). What is the greatest common divisor of j and 258?
86
Let l be (0 + 21/(-6))/(5/(-10)). Let m(y) = 2*y**2 - 13. Let c be m(l). Calculate the highest common divisor of c and 34.
17
Suppose 38*m = -4*i + 35*m + 625, 4*i = 4*m + 548. Let f(t) = -t**3 - t**2 - t - 2. Let s be f(-2). Calculate the highest common factor of i and s.
4
Suppose 309 = -3*s + 3*p + 927, 5*s + 3*p = 974. What is the highest common factor of 10348 and s?
199
Let d be 78/((-1)/(40/(-12))). Let a = -224 + d. Calculate the greatest common factor of a and 72.
36
Let m be 617/2 + (-1)/2. Let g = -1432 + 1704. Suppose -271*t - 28 = -g*t. What is the greatest common factor of t and m?
28
Let v be (6/15)/((-1)/(-20)). Let j = 38 - v. Let m be 19 + (2 + 10 - 25). What is the greatest common divisor of j and m?
6
Suppose 4*q = 16*q. Suppose -7*r - 36 + 540 = q. What is the greatest common divisor of r and 168?
24
Suppose 0 = 24*z - 7*z - 391. What is the highest common divisor of 26 and z?
1
Let k = 32 + -65. Let h be (k/6)/((-3)/24). Let r = 57 - h. Calculate the highest common divisor of 117 and r.
13
Let w = -3 + 7. Suppose w*i = -0 + 104. Suppose -4*r + 936 = -4*t, -7*r = -2*r + 5*t - 1170. Calculate the highest common divisor of i and r.
26
Suppose 58*t - 62*t + 4*p = -24080, 2*p - 14 = 0. Calculate the highest common divisor of 147 and t.
147
Let x = -12819 + 12888. What is the greatest common factor of 2231 and x?
23
Suppose -18*j + 40*j = 330. Suppose 0 = -4*f + g + 27, f - 4*g + g = j. Let i(d) = 10*d. Let c be i(3). What is the greatest common divisor of f and c?
6
Let q be 5130/38*(147/(-35))/(-7). Calculate the greatest common factor of q and 25596.
81
Suppose 5*a + 22935 = 5*i, 2*a - 9709 = -3*i + 4052. Calculate the greatest common divisor of 33 and i.
33
Let m(f) = 4*f**2 + 2*f - 1. Let y be m(4). Let q = -43 - y. Let n = q - -191. What is the greatest common divisor of n and 11?
11
Suppose 117*n + 176*n + 60*n - 20*n - 60606 = 0. Suppose 5*d = 4*f + 4095, -d + 3*f + 819 = -0*f. What is the greatest common divisor of n and d?
91
Suppose -4*v = 4*m - 20, 0 = 3*m - 5*v - 1 + 2. Suppose 0 = 5*z - 5*l - 60, 0 = -l - 2*l + 9. Calculate the greatest common divisor of m and z.
3
Suppose -2585 - 11069 = -2*s - 2*z, -4*s + 27353 = -5*z. What is the highest common factor of s and 112?
112
Suppose 0 = -3*q - 5 - 7. Let c = q + 13. Let m(l) = 2*l**2 - 13*l + 12. Let v be m(c). What is the highest common divisor of v and 19?
19
Let x = -221 + 320. Let b(i) = -3*i**2 - 11*i + 3. Let u be b(-3). What is the greatest common divisor of u and x?
9
Suppose 40*y = 43*y - 225. Let v = 44 - y. Le